10
What is the remainder when 1247 is divided by 157?
148
What is the remainder when 270 is divided by 55?
50
What is the remainder when 565 is divided by 8?
5
Calculate the remainder when 1865 is divided by 171.
155
What is the remainder when 155 is divided by 39?
38
What is the remainder when 239 is divided by 49?
43
Calculate the remainder when 72 is divided by 19.
15
What is the remainder when 78 is divided by 10?
8
Calculate the remainder when 408 is divided by 54.
30
Calculate the remainder when 2449 is divided by 34.
1
Calculate the remainder when 106 is divided by 1.
0
Calculate the remainder when 697 is divided by 342.
13
What is the remainder when 46 is divided by 8?
6
What is the remainder when 356 is divided by 51?
50
What is the remainder when 230 is divided by 9?
5
What is the remainder when 138 is divided by 36?
30
Calculate the remainder when 1057 is divided by 352.
1
What is the remainder when 2723 is divided by 898?
29
What is the remainder when 562 is divided by 92?
10
Calculate the remainder when 43 is divided by 13.
4
Calculate the remainder when 3389 is divided by 6.
5
Calculate the remainder when 31 is divided by 11.
9
Calculate the remainder when 327 is divided by 58.
37
What is the remainder when 258 is divided by 33?
27
What is the remainder when 88 is divided by 84?
4
Calculate the remainder when 5634 is divided by 2812.
10
What is the remainder when 36298 is divided by 16?
10
What is the remainder when 33 is divided by 19?
14
What is the remainder when 263 is divided by 4?
3
What is the remainder when 172 is divided by 51?
19
Calculate the remainder when 645 is divided by 59.
55
What is the remainder when 157 is divided by 67?
23
Calculate the remainder when 200 is divided by 26.
18
What is the remainder when 79 is divided by 8?
7
Calculate the remainder when 1754 is divided by 27.
26
Calculate the remainder when 100 is divided by 8.
4
What is the remainder when 260 is divided by 67?
59
Calculate the remainder when 263 is divided by 53.
51
What is the remainder when 2015 is divided by 249?
23
Calculate the remainder when 830 is divided by 414.
2
Calculate the remainder when 397 is divided by 19.
17
What is the remainder when 420 is divided by 162?
96
What is the remainder when 732 is divided by 71?
22
What is the remainder when 318 is divided by 197?
121
What is the remainder when 557 is divided by 62?
61
Calculate the remainder when 846 is divided by 277.
15
Calculate the remainder when 141 is divided by 93.
48
What is the remainder when 76 is divided by 14?
6
What is the remainder when 325 is divided by 21?
10
What is the remainder when 487 is divided by 261?
226
What is the remainder when 19360 is divided by 7?
5
What is the remainder when 11268 is divided by 98?
96
What is the remainder when 366 is divided by 45?
6
Calculate the remainder when 21724 is divided by 410.
404
What is the remainder when 24 is divided by 14?
10
Calculate the remainder when 630 is divided by 79.
77
Calculate the remainder when 332 is divided by 9.
8
What is the remainder when 899 is divided by 25?
24
Calculate the remainder when 316 is divided by 17.
10
Calculate the remainder when 3605 is divided by 75.
5
What is the remainder when 195 is divided by 17?
8
What is the remainder when 410 is divided by 59?
56
Calculate the remainder when 686 is divided by 13.
10
What is the remainder when 768 is divided by 11?
9
Calculate the remainder when 488 is divided by 18.
2
What is the remainder when 42 is divided by 27?
15
Calculate the remainder when 71 is divided by 53.
18
Calculate the remainder when 57 is divided by 17.
6
What is the remainder when 678 is divided by 175?
153
What is the remainder when 372 is divided by 22?
20
What is the remainder when 287 is divided by 16?
15
What is the remainder when 15008 is divided by 158?
156
What is the remainder when 248 is divided by 21?
17
Calculate the remainder when 149 is divided by 20.
9
What is the remainder when 1079 is divided by 154?
1
Calculate the remainder when 472 is divided by 34.
30
What is the remainder when 315 is divided by 103?
6
Calculate the remainder when 704 is divided by 232.
8
Calculate the remainder when 544 is divided by 79.
70
Calculate the remainder when 6928 is divided by 210.
208
Calculate the remainder when 195 is divided by 28.
27
What is the remainder when 2094 is divided by 694?
12
What is the remainder when 1018 is divided by 257?
247
What is the remainder when 737 is divided by 179?
21
What is the remainder when 1029 is divided by 10?
9
What is the remainder when 1501 is divided by 499?
4
What is the remainder when 253 is divided by 24?
13
Calculate the remainder when 258 is divided by 77.
27
Calculate the remainder when 60 is divided by 39.
21
What is the remainder when 220 is divided by 8?
4
What is the remainder when 8315 is divided by 14?
13
What is the remainder when 2348 is divided by 90?
8
Calculate the remainder when 4470 is divided by 31.
6
Calculate the remainder when 194 is divided by 5.
4
What is the remainder when 266 is divided by 59?
30
Calculate the remainder when 1916 is divided by 27.
26
Calculate the remainder when 1065 is divided by 325.
90
Calculate the remainder when 230 is divided by 47.
42
Calculate the remainder when 978 is divided by 184.
58
What is the remainder when 366 is divided by 74?
70
What is the remainder when 1767 is divided by 59?
56
Calculate the remainder when 203 is divided by 13.
8
What is the remainder when 92 is divided by 17?
7
What is the remainder when 1137 is divided by 20?
17
Calculate the remainder when 112 is divided by 25.
12
What is the remainder when 1148 is divided by 375?
23
Calculate the remainder when 345 is divided by 284.
61
What is the remainder when 5817 is divided by 10?
7
Calculate the remainder when 20 is divided by 2.
0
What is the remainder when 54 is divided by 4?
2
What is the remainder when 345 is divided by 82?
17
Calculate the remainder when 89 is divided by 26.
11
Calculate the remainder when 30 is divided by 22.
8
Calculate the remainder when 391 is divided by 37.
21
What is the remainder when 161 is divided by 54?
53
What is the remainder when 682 is divided by 111?
16
Calculate the remainder when 1701 is divided by 37.
36
What is the remainder when 1788 is divided by 13?
7
What is the remainder when 584 is divided by 111?
29
Calculate the remainder when 711 is divided by 55.
51
Calculate the remainder when 1073 is divided by 11.
6
Calculate the remainder when 707 is divided by 196.
119
What is the remainder when 148 is divided by 11?
5
Calculate the remainder when 5740 is divided by 174.
172
Calculate the remainder when 14025 is divided by 21.
18
What is the remainder when 3958 is divided by 1314?
16
Calculate the remainder when 697 is divided by 142.
129
Calculate the remainder when 132 is divided by 47.
38
What is the remainder when 1123 is divided by 311?
190
Calculate the remainder when 1477 is divided by 74.
71
What is the remainder when 304 is divided by 303?
1
Calculate the remainder when 12 is divided by 9.
3
What is the remainder when 143 is divided by 61?
21
Calculate the remainder when 4766 is divided by 227.
226
What is the remainder when 944 is divided by 313?
5
Calculate the remainder when 387 is divided by 14.
9
What is the remainder when 1330 is divided by 439?
13
Calculate the remainder when 516 is divided by 40.
36
Calculate the remainder when 227 is divided by 45.
2
What is the remainder when 142 is divided by 37?
31
Calculate the remainder when 4125 is divided by 8.
5
What is the remainder when 1097 is divided by 7?
5
Calculate the remainder when 628 is divided by 70.
68
Calculate the remainder when 22 is divided by 5.
2
What is the remainder when 3263 is divided by 86?
81
What is the remainder when 98 is divided by 22?
10
What is the remainder when 3152 is divided by 1567?
18
What is the remainder when 246 is divided by 85?
76
Calculate the remainder when 81 is divided by 15.
6
What is the remainder when 266 is divided by 82?
20
What is the remainder when 36 is divided by 21?
15
What is the remainder when 3434 is divided by 181?
176
Calculate the remainder when 4165 is divided by 11.
7
Calculate the remainder when 4099 is divided by 57.
52
What is the remainder whe